s 2876990 + 70?
2876a40
In base 6, what is 230134 - 1154?
224540
In base 9, what is 146 + 155841?
156087
In base 11, what is -1336 - -1175?
-171
In base 5, what is -123442 - -33132?
-40310
In base 13, what is 73a682c6 - -1?
73a682c7
In base 13, what is -1999a5 - -23?
-199982
In base 7, what is 230106 - -4532?
234641
In base 12, what is -369 - -548a?
5121
In base 13, what is ca03b + -1a?
ca021
In base 3, what is -210 - -1001202212002?
1001202211022
In base 14, what is 8d0777 - 6?
8d0771
In base 11, what is 26228a - 8?
262282
In base 9, what is 5 + 182548235?
182548241
In base 15, what is 70 - -aad21?
aad91
In base 8, what is 3571 + -554740?
-551147
In base 14, what is 16 + -2c5b38?
-2c5b22
In base 14, what is 3c7a2 + -da5?
3b7db
In base 5, what is 1 - 4134122303?
-4134122302
In base 15, what is 460 - -c48a?
c8ea
In base 3, what is 20220000001 + -2110?
20212220121
In base 10, what is 0 + 16636128?
16636128
In base 10, what is 802497 - -12?
802509
In base 15, what is -3dbe36 - -5?
-3dbe31
In base 12, what is -a6763 - 31?
-a6794
In base 5, what is 433431341311 - -1?
433431341312
In base 9, what is -13006 - -105840?
82833
In base 2, what is 10111100001100000 - 1110100110?
10111010010111010
In base 2, what is -1011100011000101101110010100 - 100?
-1011100011000101101110011000
In base 7, what is 5206502 - 260?
5206212
In base 15, what is -aece1 + -7?
-aece8
In base 8, what is 11555530 - 3?
11555525
In base 16, what is 24 - -9c23a2?
9c23c6
In base 8, what is 1 + -62250361?
-62250360
In base 11, what is 40 - 225649?
-225609
In base 9, what is -15141305 + -32?
-15141337
In base 6, what is 5 + -3224535?
-3224530
In base 12, what is -81bb1ab9 - 4?
-81bb1b01
In base 12, what is -b548 - -2a37?
-8711
In base 9, what is 14750 + 7081?
22841
In base 9, what is -308 + -688250?
-688558
In base 14, what is 2a - 209d65?
-209d39
In base 15, what is 1045 - 57?
edd
In base 3, what is 1222 - -2110202021202?
2110202100201
In base 9, what is -2722 - 431415?
-434237
In base 12, what is 117 - -65a47?
65b62
In base 2, what is -101 + -1101110111011000100001?
-1101110111011000100110
In base 5, what is 112 - 1412411130?
-1412411013
In base 16, what is 5 - -f92ba6?
f92bab
In base 8, what is -2250501 - 204?
-2250705
In base 14, what is 233 + -2bda?
-29a7
In base 15, what is 5 - -1dbc7aa2?
1dbc7aa7
In base 3, what is -102012001 - -112220?
-101122011
In base 10, what is -132560596 + -1?
-132560597
In base 10, what is 3 - 11617042?
-11617039
In base 9, what is -37 + 1574314?
1574266
In base 11, what is -293 + 1481345?
1481062
In base 4, what is 11103 + -121113023?
-121101320
In base 13, what is -2 + -199245?
-199247
In base 8, what is -20663501 - 4?
-20663505
In base 7, what is -4 - -3026621130?
3026621123
In base 12, what is -302 + -3114?
-3416
In base 4, what is 1321310220322 - 10?
1321310220312
In base 12, what is 1 - -110039bb?
11003a00
In base 4, what is -20200312 - -331320?
-13202332
In base 16, what is 46157 - 7?
46150
In base 11, what is 4a3a1 - -133?
4a524
In base 11, what is 438550 - a98?
437563
In base 9, what is -2201042 - -13?
-2201028
In base 14, what is 1482 + -7a9?
ab7
In base 12, what is -143905b - -37?
-1439024
In base 10, what is 58 + -4901088?
-4901030
In base 14, what is -9 - -3a237b?
3a2372
In base 15, what is -2e1085 - 4?
-2e1089
In base 7, what is -35266 + -234101?
-302400
In base 12, what is -409 + 2a9533?
2a9126
In base 8, what is 2 - 35177573?
-35177571
In base 12, what is -27b9aa - -12?
-27b998
In base 7, what is 5412 - 66214?
-60502
In base 7, what is -2123433115 + 3?
-2123433112
In base 8, what is -34722210 - 2?
-34722212
In base 16, what is d - 6d3d6?
-6d3c9
In base 13, what is 9b + -ca8a?
-c9bc
In base 2, what is 101101100001010100010100 + 101?
101101100001010100011001
In base 14, what is 474632 - 1?
474631
In base 12, what is 35b - -19a91?
1a230
In base 10, what is 443 - 186476?
-186033
In base 12, what is -1 + 1996555?
1996554
In base 11, what is -13 - 318967?
-31897a
In base 9, what is 4 - -1143114665?
1143114670
In base 9, what is -332 + -85868?
-86311
In base 11, what is -15 - 2182563?
-2182578
In base 11, what is -1772531a - -4?
-17725316
In base 9, what is 1026 + 10318?
11345
In base 8, what is 2347 - 556544?
-554175
In base 7, what is -2436126 - 2540?
-2441666
In base 5, what is -4200 - 2111130?
-2120330
In base 14, what is 692351 + -3?
69234c
In base 8, what is -6201343 + -42?
-6201405
In base 16, what is -d + -b67f3a?
-b67f47
In base 13, what is 25528 + -4c?
254a9
In base 5, what is 1 - 2433123220?
-2433123214
In base 15, what is -218c42 + -52?
-218c94
In base 11, what is 2595831a + 7?
25958326
In base 2, what is 1110000100110100111 - -1011?
1110000100110110010
In base 5, what is 11231404041 - 0?
11231404041
In base 15, what is -c3c5c + -12?
-c3c6e
In base 15, what is 1 - 6c390?
-6c38e
In base 10, what is 4 - -738298?
738302
In base 2, what is 1111001111001010111 - 1010000011?
1111001101111010100
In base 14, what is -1976a - 2bad?
-1c539
In base 10, what is -22504 - -1921?
-20583
In base 14, what is -47a8a + -41a?
-480a6
In base 6, what is 32042 - 1053004?
-1020522
In base 4, what is -3322120302 + -33021?
-3322213323
In base 9, what is 10702647 + 46?
10702704
In base 2, what is 1000100110111011001000010 - -100?
1000100110111011001000110
In base 15, what is a413c + -4da?
a3b52
In base 8, what is -31202127 + 2?
-31202125
In base 6, what is 3 - 34521040422?
-34521040415
In base 3, what is 1102000102100 - -100?
1102000102200
In base 7, what is -555 + -214102?
-214660
In base 15, what is 46 - -2887a?
288c1
In base 3, what is 11 + 221112102021021?
221112102021102
In base 10, what is 339406 - -69?
339475
In base 10, what is 109939 + 171?
110110
In base 4, what is 112 - 12033110011?
-12033103233
In base 13, what is 2 - -48a4722?
48a4724
In base 15, what is d0b - 60494?
-5e688
In base 8, what is -1271603 + 66?
-1271515
In base 14, what is 79405 - -53c?
79943
In base 7, what is -16516342 - 3?
-16516345
In base 6, what is 1545501 + -11?
1545450
In base 11, what is -102859786 + 0?
-102859786
In base 14, what is 1db0 + 335?
2305
In base 8, what is -23 - 740030?
-740053
In base 13, what is 36b8375 - -a?
36b8382
In base 2, what is -101100100000101111 - -1011010?
-101100011111010101
In base 4, what is 103010311111 - 222?
103010310223
In base 16, what is -239fb928 + 5?
-239fb923
In base 8, what is -36351 - -36100?
-251
In base 6, what is -1010530524 - 101?
-1010531025
In base 2, what is 110110001 + 1001111000011111100?
1001111001010101101
In base 10, what is 16 + -66480?
-66464
In base 9, what is 5 - -2535323?
2535328
In base 3, what is -2001102020 - 1010211?
-2002120001
In base 4, what is 21030110101 + -10?
21030110031
In base 12, what is -24512535 - 3?
-24512538
In base 7, what is 6 - 260365632?
-260365623
In base 13, what is -2b08c4 - -10?
-2b08b4
In base 12, what is -3b3 + 2924b5?
292102
In base 4, what is -102331323 - -102221?
-102223102
In base 14, what is -b506 + 32?
-b4b4
In base 4, what is -112 - -22121033?
22120321
In base 14, what is -14dbd6 + 1?
-14dbd5
In base 9, what is -3586058 - 442?
-3586511
In base 11, what is -93 + -31254?
-31337
In base 11, what is 222 - -282?
4a4
In base 14, what is -c - -3547a?
3546c
In base 3, what is 1111120211 - -1002011?
1112122222
In base 14, what is -3aa85 - 7d?
-3ab24
In base 14, what is 0 - -10454b?
10454b
In base 9, what is 7 - 4302678?
-4302671
In base 8, what is -240 + -13537?
-13777
In base 16, what is 3 + 9bcec?
9bcef
In base 2, what is 1101101001 + 1110011010?
11100000011
In base 16, what is 10b + -2d7bbf?
-2d7ab4
In base 6, what is -133505 + 402?
-133103
In base 13, what is 17 + 198b381?
198b398
In base 5, what is 330022420 + 12?
330022432
In base 7, what is -23536535 - -2?
-23536533
In base 10, what is -51686 + 1251?
-50435
In base 15, what is 1d374 + 2361?
206d5
In base 11, what is 47 + 90774?
90810
In base 10, what is -11973497 + 4?
-11973493
In base 15, what is 201ed + 0?
201ed
In base 7, what is -2025 - 126056?
-131114
In base 10, what is -5 - -1227364?
1227359
In base 15, what is -3 + 476bb?
476b8
In base 6, what is -12421 + -11002341?
-11015202
In base 8, what is -10444 + -117?
-10563
In base 2, what is 1000001010000000000 + -10111010?
1000001001101000110
In base 12, what is 5 + -1636215?
-163